

{"id":112939,"date":"2025-05-08T10:34:02","date_gmt":"2025-05-08T08:34:02","guid":{"rendered":"https:\/\/actitudes.ch\/?post_type=tribe_events&#038;p=112939"},"modified":"2025-06-04T18:49:21","modified_gmt":"2025-06-04T16:49:21","slug":"train-the-trainer-zertifizierte-r-moderator-in-mai-2025","status":"publish","type":"tribe_events","link":"https:\/\/actitudes.ch\/de\/evenement\/train-the-trainer-facilitateur-trice-certifie-e-2025-mai\/","title":{"rendered":"Train-the-Trainer: Zertifizierte\/r Moderator\/in | Mai 2025"},"content":{"rendered":"<p>Ob Sie intern im Unternehmen oder als unabh\u00e4ngige*r Berater*in t\u00e4tig sind, diese Zertifizierung erm\u00f6glicht es Ihnen, einzusetzen und zu nutzen\u00a0<b>die Methodik der 18 Treiber f\u00fcr nachhaltige Teams<\/b>, in Ihrem Unternehmen oder bei Ihren Mandaten.<\/p>\n<p><b>Dieses Ausbildungsprogramm dauert etwa 3 Monate und umfasst insbesondere:<\/b><\/p>\n<ul>\n<li>Autonome und Online-Vorbereitungsarbeit<\/li>\n<li>Zwei Pr\u00e4senztage<\/li>\n<li>Peer-Coachings<\/li>\n<li>Ihre erste Moderation eines Seminars \u201cNachhaltige Teams\u201d<\/li>\n<li>Coaching-Sitzung mit einem*einer Coach aus dem Netzwerk (optional)<\/li>\n<li>Halbt\u00e4gige Intervisionszirkel f\u00fcr Moderator*innen<\/li>\n<\/ul>\n<p>W\u00e4hrend dieses Ausbildungsprogramms werden Sie entwickeln und aufbauen\u00a0<b>Ihr Projekt<\/b>\u00a0<b>zur Zertifizierung<\/b>, unterst\u00fctzt und geleitet durch den Prozess sowie die Gruppe.<\/p>\n<p>Dieses Programm wird Ihnen erm\u00f6glichen, ganz nat\u00fcrlich in diese neue Rolle als Moderator*in f\u00fcr nachhaltige Teams einzusteigen.<\/p>\n<p>Sie werden auch dazu angeleitet werden, einen oder mehrere Workshops mit der Methodik w\u00e4hrend Ihrer Ausbildung zu leiten.<\/p>\n<p><b>Sobald Sie zertifiziert<\/b>\u1427<b>und die j\u00e4hrliche Lizenz besitzen :<\/b><\/p>\n<ul>\n<li>sind Sie berechtigt,\u00a0<b>zu moderieren und zu beraten<\/b>\u00a0mit der Actitudes-Methodik<sup>\u00ae<\/sup><\/li>\n<li aria-level=\"1\">Sie profitieren von der\u00a0<b>Plattform f\u00fcr Tools und Ressourcen<\/b>\u00a0Actitudes<sup>\u00ae<\/sup><\/li>\n<li aria-level=\"1\">Sie treten der\u00a0<b>Community der Moderator*innen<\/b>\u00a0und der Praxis-Community bei<\/li>\n<li aria-level=\"1\">Sie sind\u00a0<b>sichtbar in unserem Katalog<\/b>\u00a0zugelassener Moderator*innen<\/li>\n<li aria-level=\"1\">Sie k\u00f6nnen sich\u00a0<strong>f\u00fcr TeamScan akkreditieren\u00a0<\/strong><strong>Actitudes<sup>\u00ae<\/sup><\/strong>\u00a0und das ist in Ihrer Lizenz enthalten<\/li>\n<\/ul>\n<p>Zu unserem <span style=\"color: #ff6600;\"><strong><a style=\"color: #ff6600;\" href=\"https:\/\/actitudes.typeform.com\/TTT-information\">Programm\u00fcbersicht<\/a> <\/strong><\/span>hier entlang.<\/p>\n<p>Nach Ihrer Anmeldung oder im Vorfeld k\u00f6nnen wir ein <strong><span style=\"color: #ff6600;\"><a style=\"color: #ff6600;\" href=\"https:\/\/actitudes.typeform.com\/entretien-TTT\">exploratives Gespr\u00e4ch<\/a><\/span><\/strong> gemeinsam vereinbaren, um uns auszutauschen, kennenzulernen, alle Ihre Fragen zu beantworten und zu sehen, ob diese Zertifizierung f\u00fcr Sie geeignet ist.<\/p>\n<p>&nbsp;<\/p>\n<p><strong>DIE ANMELDUNGEN F\u00dcR 2025-2026 SIND GE\u00d6FFNET :<\/strong><\/p>\n<p><strong>Train-the-Trainer-Ausbildungskurs zur Auswahl in 2025 und 2026:\u00a0<\/strong><\/p>\n<p><strong>2025 Session 1: Pr\u00e4senzveranstaltung in Chexbres am 15.-16. Mai 2025<\/strong>, Start des Online-Kurses 1 bis 2 Monate vor der Pr\u00e4senzveranstaltung, oder<\/p>\n<p>2025 Session 2: Pr\u00e4senzveranstaltung in Chexbres am 2.-3. Oktober 2025, Start des Online-Kurses 1 bis 2 Monate vor der Pr\u00e4senzveranstaltung, oder<\/p>\n<p>2026 Session 1: Pr\u00e4senzveranstaltung in Chexbres am 11.-12. Juni 2026, Start des Online-Kurses 1 bis 2 Monate vor der Pr\u00e4senzveranstaltung, oder<\/p>\n<p>2026 Session 2: Pr\u00e4senzveranstaltung in Chexbres am 1.-2. Oktober 2026, Start des Online-Kurses 1 bis 2 Monate vor der Pr\u00e4senzveranstaltung.<\/p>\n<p>&nbsp;<\/p>\n<p>Einige aktuelle Teilnehmerstimmen:<\/p>","protected":false},"excerpt":{"rendered":"<p>Nehmen Sie an unserer Train-the-Trainer (TTT) Ausbildung teil und werden Sie zertifizierte*r Moderator*in f\u00fcr nachhaltige Teams mit den 18 Actitudes\u00ae Schl\u00fcsselfaktoren. Diese sehr praxis- und erfahrungsorientierte Zertifizierung richtet sich an Coaches, Trainer*innen, Managementberater*innen, HR- und Organisationsentwicklungsspezialist*innen.<\/p>","protected":false},"author":6,"featured_media":91239,"template":"","meta":{"_acf_changed":false,"_price":"","_stock":"","_tribe_ticket_header":"91239","_tribe_default_ticket_provider":"Tribe__Tickets_Plus__Commerce__WooCommerce__Main","_tribe_ticket_capacity":"","_ticket_start_date":"","_ticket_end_date":"","_tribe_ticket_show_description":"","_tribe_ticket_show_not_going":false,"_tribe_ticket_use_global_stock":"","_tribe_ticket_global_stock_level":"","_global_stock_mode":"","_global_stock_cap":"","_tribe_rsvp_for_event":"","_tribe_ticket_going_count":"","_tribe_ticket_not_going_count":"","_tribe_tickets_list":"[]","_tribe_ticket_has_attendee_info_fields":false,"_tribe_events_status":"","_tribe_events_status_reason":"","_tribe_events_is_hybrid":"","_tribe_events_is_virtual":"","_tribe_events_virtual_video_source":"","_tribe_events_virtual_embed_video":"","_tribe_events_virtual_linked_button_text":"","_tribe_events_virtual_linked_button":"","_tribe_events_virtual_show_embed_at":"","_tribe_events_virtual_show_embed_to":[],"_tribe_events_virtual_show_on_event":"","_tribe_events_virtual_show_on_views":"","_tribe_events_virtual_url":"","wds_primary_tribe_events_cat":0,"footnotes":"","_tec_slr_enabled":"","_tec_slr_layout":""},"tags":[],"tribe_events_cat":[262],"class_list":["post-112939","tribe_events","type-tribe_events","status-publish","has-post-thumbnail","hentry","tribe_events_cat-train-the-trainer-formation-certifiante","cat_train-the-trainer-formation-certifiante"],"acf":[],"ticketed":["rsvp"],"_links":{"self":[{"href":"https:\/\/actitudes.ch\/de\/wp-json\/wp\/v2\/tribe_events\/112939","targetHints":{"allow":["GET"]}}],"collection":[{"href":"https:\/\/actitudes.ch\/de\/wp-json\/wp\/v2\/tribe_events"}],"about":[{"href":"https:\/\/actitudes.ch\/de\/wp-json\/wp\/v2\/types\/tribe_events"}],"author":[{"embeddable":true,"href":"https:\/\/actitudes.ch\/de\/wp-json\/wp\/v2\/users\/6"}],"version-history":[{"count":0,"href":"https:\/\/actitudes.ch\/de\/wp-json\/wp\/v2\/tribe_events\/112939\/revisions"}],"wp:featuredmedia":[{"embeddable":true,"href":"https:\/\/actitudes.ch\/de\/wp-json\/wp\/v2\/media\/91239"}],"wp:attachment":[{"href":"https:\/\/actitudes.ch\/de\/wp-json\/wp\/v2\/media?parent=112939"}],"wp:term":[{"taxonomy":"post_tag","embeddable":true,"href":"https:\/\/actitudes.ch\/de\/wp-json\/wp\/v2\/tags?post=112939"},{"taxonomy":"tribe_events_cat","embeddable":true,"href":"https:\/\/actitudes.ch\/de\/wp-json\/wp\/v2\/tribe_events_cat?post=112939"}],"curies":[{"name":"wp","href":"https:\/\/api.w.org\/{rel}","templated":true}]}}

<p>Ob Sie intern im Unternehmen oder als unabhängige*r Berater*in tätig sind, diese Zertifizierung ermöglicht es Ihnen, einzusetzen und zu nutzen <b>die Methodik der 18 Treiber für nachhaltige Teams</b>, in Ihrem Unternehmen oder bei Ihren Mandaten.</p>
<p><b>Dieses Ausbildungsprogramm dauert etwa 3 Monate und umfasst insbesondere:</b></p>
<ul>
<li>Autonome und Online-Vorbereitungsarbeit</li>
<li>Zwei Präsenztage</li>
<li>Peer-Coachings</li>
<li>Ihre erste Moderation eines Seminars “Nachhaltige Teams”</li>
<li>Coaching-Sitzung mit einem*einer Coach aus dem Netzwerk (optional)</li>
<li>Halbtägige Intervisionszirkel für Moderator*innen</li>
</ul>
<p>Während dieses Ausbildungsprogramms werden Sie entwickeln und aufbauen <b>Ihr Projekt</b> <b>zur Zertifizierung</b>, unterstützt und geleitet durch den Prozess sowie die Gruppe.</p>
<p>Dieses Programm wird Ihnen ermöglichen, ganz natürlich in diese neue Rolle als Moderator*in für nachhaltige Teams einzusteigen.</p>
<p>Sie werden auch dazu angeleitet werden, einen oder mehrere Workshops mit der Methodik während Ihrer Ausbildung zu leiten.</p>
<p><b>Sobald Sie zertifiziert</b>ᐧ<b>und die jährliche Lizenz besitzen :</b></p>
<ul>
<li>sind Sie berechtigt, <b>zu moderieren und zu beraten</b> mit der Actitudes-Methodik<sup>®</sup></li>
<li aria-level="1">Sie profitieren von der <b>Plattform für Tools und Ressourcen</b> Actitudes<sup>®</sup></li>
<li aria-level="1">Sie treten der <b>Community der Moderator*innen</b> und der Praxis-Community bei</li>
<li aria-level="1">Sie sind <b>sichtbar in unserem Katalog</b> zugelassener Moderator*innen</li>
<li aria-level="1">Sie können sich <strong>für TeamScan akkreditieren </strong><strong>Actitudes<sup>®</sup></strong> und das ist in Ihrer Lizenz enthalten</li>
</ul>
<p>Zu unserem <span style="color: #ff6600;"><strong><a style="color: #ff6600;" href="https://actitudes.typeform.com/TTT-information">Programmübersicht</a> </strong></span>hier entlang.</p>
<p>Nach Ihrer Anmeldung oder im Vorfeld können wir ein <strong><span style="color: #ff6600;"><a style="color: #ff6600;" href="https://actitudes.typeform.com/entretien-TTT">exploratives Gespräch</a></span></strong> gemeinsam vereinbaren, um uns auszutauschen, kennenzulernen, alle Ihre Fragen zu beantworten und zu sehen, ob diese Zertifizierung für Sie geeignet ist.</p>
<p>&nbsp;</p>
<p><strong>DIE ANMELDUNGEN FÜR 2025-2026 SIND GEÖFFNET :</strong></p>
<p><strong>Train-the-Trainer-Ausbildungskurs zur Auswahl in 2025 und 2026: </strong></p>
<p><strong>2025 Session 1: Präsenzveranstaltung in Chexbres am 15.-16. Mai 2025</strong>, Start des Online-Kurses 1 bis 2 Monate vor der Präsenzveranstaltung, oder</p>
<p>2025 Session 2: Präsenzveranstaltung in Chexbres am 2.-3. Oktober 2025, Start des Online-Kurses 1 bis 2 Monate vor der Präsenzveranstaltung, oder</p>
<p>2026 Session 1: Präsenzveranstaltung in Chexbres am 11.-12. Juni 2026, Start des Online-Kurses 1 bis 2 Monate vor der Präsenzveranstaltung, oder</p>
<p>2026 Session 2: Präsenzveranstaltung in Chexbres am 1.-2. Oktober 2026, Start des Online-Kurses 1 bis 2 Monate vor der Präsenzveranstaltung.</p>
<p>&nbsp;</p>
<p>Einige aktuelle Teilnehmerstimmen:</p>

<p>Nehmen Sie an unserer Train-the-Trainer (TTT) Ausbildung teil und werden Sie zertifizierte*r Moderator*in für nachhaltige Teams mit den 18 Actitudes® Schlüsselfaktoren. Diese sehr praxis- und erfahrungsorientierte Zertifizierung richtet sich an Coaches, Trainer*innen, Managementberater*innen, HR- und Organisationsentwicklungsspezialist*innen.</p>
